{"id":516,"date":"2026-02-10T15:13:31","date_gmt":"2026-02-10T15:13:31","guid":{"rendered":"https:\/\/muniacora.gob.pe\/?page_id=516"},"modified":"2026-02-11T16:57:33","modified_gmt":"2026-02-11T16:57:33","slug":"destinos-turisticos","status":"publish","type":"page","link":"http:\/\/muniacora.gob.pe\/index.php\/municipalidad\/destinos-turisticos\/","title":{"rendered":"DESTINOS TURISTICOS"},"content":{"rendered":"\t\t<div data-elementor-type=\"wp-page\" data-elementor-id=\"516\" class=\"elementor elementor-516\" data-elementor-post-type=\"page\">\n\t\t\t\t<div class=\"elementor-element elementor-element-1e21b6c e-flex e-con-boxed e-con e-parent\" data-id=\"1e21b6c\" data-element_type=\"container\" data-e-type=\"container\">\n\t\t\t\t\t<div class=\"e-con-inner\">\n\t\t\t\t<div class=\"elementor-element elementor-element-42dd109 elementor-widget elementor-widget-heading\" data-id=\"42dd109\" data-element_type=\"widget\" data-e-type=\"widget\" data-widget_type=\"heading.default\">\n\t\t\t\t\t<h2 class=\"elementor-heading-title elementor-size-default\">Sitios Turisticos<\/h2>\t\t\t\t<\/div>\n\t\t\t\t\t<\/div>\n\t\t\t\t<\/div>\n\t\t<div class=\"elementor-element elementor-element-48162c1 e-flex e-con-boxed e-con e-parent\" data-id=\"48162c1\" data-element_type=\"container\" data-e-type=\"container\">\n\t\t\t\t\t<div class=\"e-con-inner\">\n\t\t\t\t<div class=\"elementor-element elementor-element-b091ef8 elementor-widget elementor-widget-image\" data-id=\"b091ef8\" data-element_type=\"widget\" data-e-type=\"widget\" data-widget_type=\"image.default\">\n\t\t\t\t\t\t\t\t\t\t\t\t\t\t\t<img decoding=\"async\" src=\"https:\/\/muniacora.gob.pe\/wp-content\/plugins\/elementor\/assets\/images\/placeholder.png\" title=\"\" alt=\"\" loading=\"lazy\" \/>\t\t\t\t\t\t\t\t\t\t\t\t\t\t\t<\/div>\n\t\t<div class=\"elementor-element elementor-element-01706d7 e-con-full e-flex e-con e-child\" data-id=\"01706d7\" data-element_type=\"container\" data-e-type=\"container\">\n\t\t\t\t<div class=\"elementor-element elementor-element-3f51b2a elementor-position-left elementor-vertical-align-top elementor-widget elementor-widget-image-box\" data-id=\"3f51b2a\" data-element_type=\"widget\" data-e-type=\"widget\" data-widget_type=\"image-box.default\">\n\t\t\t\t\t<div class=\"elementor-image-box-wrapper\"><figure class=\"elementor-image-box-img\"><img fetchpriority=\"high\" decoding=\"async\" width=\"1024\" height=\"504\" src=\"https:\/\/muniacora.gob.pe\/wp-content\/uploads\/2026\/02\/inca-uyo-molloco-waru-warus-aramu-muru-1-2-dia_05-1024x504.jpg.webp\" class=\"elementor-animation-pulse-grow attachment-full size-full wp-image-521\" alt=\"\" srcset=\"http:\/\/muniacora.gob.pe\/wp-content\/uploads\/2026\/02\/inca-uyo-molloco-waru-warus-aramu-muru-1-2-dia_05-1024x504.jpg.webp 1024w, http:\/\/muniacora.gob.pe\/wp-content\/uploads\/2026\/02\/inca-uyo-molloco-waru-warus-aramu-muru-1-2-dia_05-1024x504.jpg-300x148.webp 300w, http:\/\/muniacora.gob.pe\/wp-content\/uploads\/2026\/02\/inca-uyo-molloco-waru-warus-aramu-muru-1-2-dia_05-1024x504.jpg-768x378.webp 768w\" sizes=\"(max-width: 1024px) 100vw, 1024px\" \/><\/figure><div class=\"elementor-image-box-content\"><h3 class=\"elementor-image-box-title\">CHULLPAS DE MOLLOCO<\/h3><p class=\"elementor-image-box-description\">CHULLPAS DE MOLLOCO Se encuentran ubicado en el distrito \u00c1cora, en la provincia y regi\u00f3n Puno. Se encuentra a 36 kil\u00f3metros al sur de la ciudad de Puno, a un costado de la carretera Puno-Desaguadero, uno de los lugares estrat\u00e9gicos y de f\u00e1cil acceso para los visitantes. En la actualidad se pueden ver diez chullpas de la \u00e9poca prehisp\u00e1nica de material l\u00edtico del lugar, y 20 cistas subterr\u00e1neas ubicadas en una ladera de terreno rocoso. Se trata de un asentamiento construido posiblemente por la cultura Lupacas, aunque es necesario mencionar que existe influencia de la cultura incaica, en especial, en las estructuras funerarias, posiblemente elaboradas durante el periodo de asentamiento incaico en la zona entre los siglos XIV y XV.<\/p><\/div><\/div>\t\t\t\t<\/div>\n\t\t\t\t<\/div>\n\t\t\t\t\t<\/div>\n\t\t\t\t<\/div>\n\t\t<div class=\"elementor-element elementor-element-c09192f e-flex e-con-boxed e-con e-parent\" data-id=\"c09192f\" data-element_type=\"container\" data-e-type=\"container\">\n\t\t\t\t\t<div class=\"e-con-inner\">\n\t\t\t\t<div class=\"elementor-element elementor-element-395c630 elementor-position-right elementor-vertical-align-top elementor-widget elementor-widget-image-box\" data-id=\"395c630\" data-element_type=\"widget\" data-e-type=\"widget\" data-widget_type=\"image-box.default\">\n\t\t\t\t\t<div class=\"elementor-image-box-wrapper\"><figure class=\"elementor-image-box-img\"><img decoding=\"async\" width=\"2048\" height=\"1365\" src=\"https:\/\/muniacora.gob.pe\/wp-content\/uploads\/2026\/02\/484351821_651094504540997_143484095865137366_n.jpg\" class=\"elementor-animation-pulse-grow attachment-full size-full wp-image-527\" alt=\"\" srcset=\"http:\/\/muniacora.gob.pe\/wp-content\/uploads\/2026\/02\/484351821_651094504540997_143484095865137366_n.jpg 2048w, http:\/\/muniacora.gob.pe\/wp-content\/uploads\/2026\/02\/484351821_651094504540997_143484095865137366_n-300x200.jpg 300w, http:\/\/muniacora.gob.pe\/wp-content\/uploads\/2026\/02\/484351821_651094504540997_143484095865137366_n-1024x683.jpg 1024w, http:\/\/muniacora.gob.pe\/wp-content\/uploads\/2026\/02\/484351821_651094504540997_143484095865137366_n-768x512.jpg 768w, http:\/\/muniacora.gob.pe\/wp-content\/uploads\/2026\/02\/484351821_651094504540997_143484095865137366_n-1536x1024.jpg 1536w, http:\/\/muniacora.gob.pe\/wp-content\/uploads\/2026\/02\/484351821_651094504540997_143484095865137366_n-930x620.jpg 930w\" sizes=\"(max-width: 2048px) 100vw, 2048px\" \/><\/figure><div class=\"elementor-image-box-content\"><h3 class=\"elementor-image-box-title\">PLAYA ACORA<\/h3><p class=\"elementor-image-box-description\">Es una playa amplia y extensa de arena fina de color claro, de aguas cristalinas, de poca profundidad, cuyo largo es de aproximadamente 1 km y de ancho unos 200 metros. Se encuentra en la comunidad surupa zona lago del distrito de Acora, al sur este de la ciudad de Puno, es una playa amplia de aguas cristalinas libre de contaminacion. En este lugar se puede contemplar lo siguiente; al frente con direccion al nor este el centro poblado de villa socca, el mirador de qara qullo de villa socca y la isla de san bartolome, al sur este la isla iscata. Por detr\u00e1s de la playa esta un cerro largo lleno \u00e1rboles que le hace eclusivo de otras playas. Cuenta con diverson juegos acuaticos, canchas deportivas para jugar deportes de futbol en arena y boley, comidas tipicas de la zona y artesanias ofrecidos por los mismos pobladores donde se muestra lo bello e inolvidable paisaje del lago Titicaca cuya extensi\u00f3n se pierde en el horizonte, la temperatura promedio de sus aguas es aproximadamente de 8\u00b0 a 9\u00b0 C. mayores temperaturas se presentan en los meses de setiembre a diciembre durante el veranillo altipl\u00e1nico donde la playa es muy acogida con veraneantes de la region Puno, playa de agua limpia y transparente.<\/p><\/div><\/div>\t\t\t\t<\/div>\n\t\t\t\t\t<\/div>\n\t\t\t\t<\/div>\n\t\t<div class=\"elementor-element elementor-element-4cbd41f e-con-full e-flex e-con e-parent\" data-id=\"4cbd41f\" data-element_type=\"container\" data-e-type=\"container\">\n\t\t\t\t<div class=\"elementor-element elementor-element-a93cc49 elementor-position-left elementor-vertical-align-top elementor-widget elementor-widget-image-box\" data-id=\"a93cc49\" data-element_type=\"widget\" data-e-type=\"widget\" data-widget_type=\"image-box.default\">\n\t\t\t\t\t<div class=\"elementor-image-box-wrapper\"><figure class=\"elementor-image-box-img\"><img decoding=\"async\" width=\"600\" height=\"450\" src=\"https:\/\/muniacora.gob.pe\/wp-content\/uploads\/2026\/02\/templo-de-san-pedro-puno.jpg\" class=\"elementor-animation-pulse-grow attachment-full size-full wp-image-533\" alt=\"\" srcset=\"http:\/\/muniacora.gob.pe\/wp-content\/uploads\/2026\/02\/templo-de-san-pedro-puno.jpg 600w, http:\/\/muniacora.gob.pe\/wp-content\/uploads\/2026\/02\/templo-de-san-pedro-puno-300x225.jpg 300w\" sizes=\"(max-width: 600px) 100vw, 600px\" \/><\/figure><div class=\"elementor-image-box-content\"><h3 class=\"elementor-image-box-title\">TEMPLO SAN PEDRO<\/h3><p class=\"elementor-image-box-description\">Es un ejemplo que presenta detalles del estilo mud\u00e9jar de tradici\u00f3n morisca, su construcci\u00f3n se inicio en 1567 bajo la advocaci\u00f3n de San Pedro y San Pablo, en 1604 estaba terminada y serv\u00eda de iglesia mayor del pueblo, aunque le faltaban ornamentos y equipamiento. Durante el siglo XVII se mantuvo en buen estado, en 1702 se hicieron 2 grandes retablos dorados de madera. En el \u00faltimo tercio del siglo XVII se hicieron modificaciones de importancia, en 1771 se hizo el retablo mayor y sus im\u00e1genes, siendo doradas en 1776. Posteriormente se hicieron reparaciones por los destrozos causados por las tropas de Tupac Catari, probablemente en esa \u00e9poca se agrando el presbiterio y se colocaron los arcos y las b\u00f3vedas. Cuenta con una sola torre deteriorada con escalera, al costado escaleras de piedra al coro. Se rehizo parte del bautisterio y un antiguo almac\u00e9n donde hab\u00eda un altar de retablo del Santo Cristo, Tenia 2 capillas dedicadas a la Virgen del Rosario y a las Animas y Altares de San Jos\u00e9, y Asunci\u00f3n y de la Soberana Cabeza. En 1833 las paredes del presbiterio se forraron con filipich\u00edn carmes\u00ed, en el altar mayor hab\u00eda una imagen de Nuestra Se\u00f1ora de la Candelaria, se concluy\u00f3 la sacrist\u00eda, se construy\u00f3 nuevo tumbadillo, en 1837 se hizo la reparaci\u00f3n de la torre y arreglos en la constrasacrist\u00eda y capillas laterales. En 1839 se reconstruye la Capilla de las \u00c1nimas, la del Rosario y la torre. En 1858 el campanario tenia problemas de cimentaci\u00f3n, las paredes de adobe daban d\u00e9bil apoyo a la coronaci\u00f3n.<\/p><\/div><\/div>\t\t\t\t<\/div>\n\t\t\t\t<\/div>\n\t\t<div class=\"elementor-element elementor-element-35cb466 e-con-full e-flex e-con e-parent\" data-id=\"35cb466\" data-element_type=\"container\" data-e-type=\"container\">\n\t\t\t\t<div class=\"elementor-element elementor-element-4138cf0 elementor-position-right elementor-vertical-align-top elementor-widget elementor-widget-image-box\" data-id=\"4138cf0\" data-element_type=\"widget\" data-e-type=\"widget\" data-widget_type=\"image-box.default\">\n\t\t\t\t\t<div class=\"elementor-image-box-wrapper\"><figure class=\"elementor-image-box-img\"><img loading=\"lazy\" decoding=\"async\" width=\"1920\" height=\"1080\" src=\"https:\/\/muniacora.gob.pe\/wp-content\/uploads\/2026\/02\/Waru-Waru-de-Acora-1-1.jpg\" class=\"elementor-animation-pulse-grow attachment-full size-full wp-image-535\" alt=\"\" srcset=\"http:\/\/muniacora.gob.pe\/wp-content\/uploads\/2026\/02\/Waru-Waru-de-Acora-1-1.jpg 1920w, http:\/\/muniacora.gob.pe\/wp-content\/uploads\/2026\/02\/Waru-Waru-de-Acora-1-1-300x169.jpg 300w, http:\/\/muniacora.gob.pe\/wp-content\/uploads\/2026\/02\/Waru-Waru-de-Acora-1-1-1024x576.jpg 1024w, http:\/\/muniacora.gob.pe\/wp-content\/uploads\/2026\/02\/Waru-Waru-de-Acora-1-1-768x432.jpg 768w, http:\/\/muniacora.gob.pe\/wp-content\/uploads\/2026\/02\/Waru-Waru-de-Acora-1-1-1536x864.jpg 1536w\" sizes=\"(max-width: 1920px) 100vw, 1920px\" \/><\/figure><div class=\"elementor-image-box-content\"><h3 class=\"elementor-image-box-title\">WARU WARU<\/h3><\/div><\/div>\t\t\t\t<\/div>\n\t\t\t\t<\/div>\n\t\t\t\t<\/div>\n\t\t","protected":false},"excerpt":{"rendered":"<p>Sitios Turisticos CHULLPAS DE MOLLOCO CHULLPAS DE MOLLOCO Se encuentran ubicado en el distrito \u00c1cora, en la provincia y regi\u00f3n Puno. Se encuentra a 36 kil\u00f3metros al sur de la ciudad de Puno, a un costado de la carretera Puno-Desaguadero, uno de los lugares estrat\u00e9gicos y de f\u00e1cil acceso para los visitantes. En la actualidad&hellip;&nbsp;<a href=\"http:\/\/muniacora.gob.pe\/index.php\/municipalidad\/destinos-turisticos\/\" rel=\"bookmark\"><span class=\"screen-reader-text\">DESTINOS TURISTICOS<\/span><\/a><\/p>\n","protected":false},"author":1,"featured_media":0,"parent":485,"menu_order":0,"comment_status":"closed","ping_status":"closed","template":"page-templates\/template-pagebuilder-full-width.php","meta":{"neve_meta_sidebar":"","neve_meta_container":"","neve_meta_enable_content_width":"","neve_meta_content_width":0,"neve_meta_title_alignment":"","neve_meta_author_avatar":"","neve_post_elements_order":"","neve_meta_disable_header":"","neve_meta_disable_footer":"","neve_meta_disable_title":"","footnotes":""},"class_list":["post-516","page","type-page","status-publish","hentry"],"_links":{"self":[{"href":"http:\/\/muniacora.gob.pe\/index.php\/wp-json\/wp\/v2\/pages\/516","targetHints":{"allow":["GET"]}}],"collection":[{"href":"http:\/\/muniacora.gob.pe\/index.php\/wp-json\/wp\/v2\/pages"}],"about":[{"href":"http:\/\/muniacora.gob.pe\/index.php\/wp-json\/wp\/v2\/types\/page"}],"author":[{"embeddable":true,"href":"http:\/\/muniacora.gob.pe\/index.php\/wp-json\/wp\/v2\/users\/1"}],"replies":[{"embeddable":true,"href":"http:\/\/muniacora.gob.pe\/index.php\/wp-json\/wp\/v2\/comments?post=516"}],"version-history":[{"count":11,"href":"http:\/\/muniacora.gob.pe\/index.php\/wp-json\/wp\/v2\/pages\/516\/revisions"}],"predecessor-version":[{"id":539,"href":"http:\/\/muniacora.gob.pe\/index.php\/wp-json\/wp\/v2\/pages\/516\/revisions\/539"}],"up":[{"embeddable":true,"href":"http:\/\/muniacora.gob.pe\/index.php\/wp-json\/wp\/v2\/pages\/485"}],"wp:attachment":[{"href":"http:\/\/muniacora.gob.pe\/index.php\/wp-json\/wp\/v2\/media?parent=516"}],"curies":[{"name":"wp","href":"https:\/\/api.w.org\/{rel}","templated":true}]}}